 f = 6338 + -6321. Let b = -54 + 207. Calculate the highest common factor of b and f.
17
Let p(u) = 22*u**3 + 46*u**2 + 7*u + 9. Let c be p(-2). Let d be 5*6/15 - -145. What is the greatest common divisor of d and c?
3
Let g be (-6)/5*88*(-12 + 7). Calculate the greatest common factor of 48 and g.
48
Let m(a) be the second derivative of -a**3/3 - 23*a**2 + 22*a. Let j be m(-32). What is the highest common factor of j and 126?
18
Let a = 1658 - 46. What is the greatest common divisor of a and 156?
52
Suppose 0 = 3*b + 2*r - 267 - 9, 345 = 4*b - 5*r. Suppose 4*w - 6 = 29*n - 31*n, w - 3*n = 26. What is the highest common factor of w and b?
5
Let z(n) = -34*n - 58. Let b be z(-2). Suppose 0 = -3*v + 3*t + 47 + b, -4*v - 5*t + 67 = 0. Calculate the highest common factor of v and 279.
9
Let k(s) = -s**3 + s**2 + 11. Let v be k(0). Let y = -130 - -464. Let m = y - 323. What is the highest common divisor of m and v?
11
Suppose -40*w - 8087 = 8953. Let t = w - -435. Calculate the highest common factor of t and 144.
9
Suppose 0*h = 34*h - 952. Let b(d) be the first derivative of 11*d**3/3 + 3*d**2/2 - 2*d - 17. Let m be b(1). What is the greatest common factor of m and h?
4
Let u(b) = 14*b - 21. Let j be u(4). Let i be 10/(-4)*(259/j - 9). Suppose -2*g = -41 + 9. Calculate the greatest common divisor of g and i.
4
Suppose 3*m = 9 - 3. Suppose 2 = m*s, 5*i + 21 = -0*i - 4*s. Let w(f) = 2*f**2 - f - 2. Let x be w(i). Calculate the highest common factor of x and 106.
53
Let o be 6 - (50/425 + (-2792)/34). Let i be 374/o + 2/(-8) + 2. Suppose 4*c - 133 - 59 = 0. What is the greatest common factor of c and i?
6
Suppose -120*q + 144081 = -116319. Calculate the highest common factor of 140 and q.
70
Let r = -88 - -88. Suppose r = -5*f + 57 - 32. Let v be (0 + 16)/4 - -16. Calculate the greatest common factor of f and v.
5
Let n(w) = w**2 + 4*w - 2. Let r be n(-6). Let f = 59 - -158. Let m = f + -87. Calculate the greatest common divisor of m and r.
10
Suppose 2*s - 15 = -5*v, s - 4 = -5*v + 6. Suppose -10 = -d - c, s*d - 3*c - 2*c = 20. Suppose d*h = -2*h + 630. What is the highest common divisor of 14 and h?
14
Suppose 18 + 2 = 2*m - 4*d, 3*m - d - 35 = 0. Let n(z) = 37*z - 88. Let x be n(4). Calculate the highest common factor of m and x.
12
Let o be 1 - (5 - 4)*1. Let s be -2 + 4 - (2 + o). Let n(l) = -2*l**2 + 66. Let u be n(s). Calculate the greatest common divisor of 6 and u.
6
Suppose -37 - 71 = -4*k. Let q be 2/9 - (-7434)/81. Let j = q - -151. Calculate the highest common factor of k and j.
27
Suppose -5*i + 5245 = 3*r, -2*r + 103*i + 3499 = 106*i. What is the greatest common divisor of 132 and r?
44
Suppose 1225 = 74*f - 71*f + l, 4*f - 1632 = -l. Calculate the greatest common factor of f and 539.
11
Let n(x) = 2*x**2 - 102*x - 424. Let q be n(56). What is the greatest common factor of 799 and q?
17
Suppose 3*j = 5*k + 1954, 28*k = 5*j + 23*k - 3270. What is the greatest common divisor of 799 and j?
47
Let n(h) = h**3 - 10*h**2 + 5*h + 5. Let i be n(8). Let z = i + 143. Calculate the highest common divisor of 24 and z.
12
Let d be -3 - (46/207 - (-4)/(-18)). Let r be (-10 - -7 - 63)/(d/4). Calculate the highest common divisor of r and 33.
11
Suppose -22*k = -26*k + 960. Suppose -4*y - 76 = -2*x, 8*y - 5*y = 5*x - 169. What is the greatest common factor of x and k?
16
Let i(u) = -13*u - 161. Let h be i(-13). Let n be 11547/12 - 2/h. Calculate the greatest common factor of 148 and n.
74
Suppose 0 = -119*p + 106*p + 520. Suppose -4*s - 20 = -4*a + 2*a, 3*a = -4*s + p. Calculate the greatest common divisor of a and 186.
6
Suppose 3*g + 2*o - 283 = 0, -g = -2*g + 2*o + 105. Suppose 0 = r - 25 + g. Let i = r + 128. Calculate the highest common divisor of 14 and i.
14
Let m(j) = 2*j - j - 2*j + 6 - 6*j + 18*j**2 + 6*j. Let s be m(2). What is the highest common factor of 12 and s?
4
Suppose 2*p - 11 = -537. Let i = -256 - p. What is the highest common divisor of i and 91?
7
Let f(o) = 36*o**2 + 79*o - 142. Let t be f(7). Calculate the greatest common divisor of 1575 and t.
75
Suppose 195*k - 13098 - 1811 - 12001 = 0. Calculate the greatest common divisor of 3772 and k.
46
Suppose -432*r + 2*m + 164 = -427*r, 5*m = -10. Calculate the greatest common divisor of 1504 and r.
32
Suppose 77*p = 17*p + 46920. What is the greatest common divisor of 34 and p?
34
Let j(i) = -i**2 + 20*i - 24. Let c be j(18). Let s be (-5 + -3 - -8) + 9 - (3 - 0). What is the highest common divisor of s and c?
6
Suppose -3*g = 7424*q - 7428*q - 83, -4*g + 44 = 3*q. Let a(i) = 18*i**2 - i. Let k be a(2). Let n = 223 - k. What is the greatest common divisor of g and n?
17
Let n = 843 - 1349. Let y = n - -507. Let u be 1*-3*-3*1. Calculate the highest common divisor of u and y.
1
Suppose 0 = 35*n + 2111 + 10559. Let k = n + 410. Suppose -5*u = -2*u - 2*v - 98, 2*u - 2*v - 62 = 0. Calculate the highest common divisor of u and k.
12
Suppose 4*z - 5*u - 178 = 0, 5*u = -494*z + 497*z - 126. Calculate the greatest common factor of z and 3159.
13
Let i be 1 - (0 - (30 - -3)). Suppose n - i = -4. Suppose 0 = 6*g - n - 30. Calculate the greatest common divisor of g and 70.
10
Suppose -381*d = -376*d - 25. Suppose g = -d*s + 13, -g + 2*s + 21 - 1 = 0. Calculate the highest common factor of g and 8.
2
Let y be (-2223)/(-26) - -3*(-4)/8. Calculate the highest common divisor of y and 147.
21
Let y be (31 - -11 - -2) + -20. Suppose 20 = l + 3*p - p, -4*l + 3*p + 102 = 0. Suppose -2*t = -3*t + l. Calculate the greatest common divisor of y and t.
24
Let y = 1699 + -685. Suppose -19*k = -5973 + y. What is the highest common divisor of k and 29?
29
Let q(j) = j**2 - 81*j - 4825. Let l be q(124). What is the greatest common divisor of 16393 and l?
169
Let r = -31601 - -32693. What is the highest common factor of 525 and r?
21
Let p(b) = 2*b**2 + 13*b. Let c be p(-9). Let t(v) = -34*v - 259. Let z be t(10). Let a = -581 - z. What is the greatest common factor of c and a?
9
Suppose 0*t = -3*t + 210. Suppose -2 = -3*w + 3*l + 301, -w = -5*l - 85. Calculate the highest common divisor of t and w.
35
Suppose 0 = -5*p + 70 + 35. Let a = -139326 + 139662. What is the highest common factor of a and p?
21
Suppose 2*u = 6*u - 36. Suppose -4*r + 6*r = r. Let a be 12/6 - (r - 142). Calculate the greatest common factor of u and a.
9
Let k(i) = -3*i**2 - 167*i - 80. Let y be k(-55). Calculate the greatest common divisor of y and 2385.
15
Let y = 105 + -100. Suppose 35*f + 15*f = 1909 + 2091. What is the greatest common factor of f and y?
5
Suppose i - 40 = -z, -19*z + 18*z = -2*i + 107. Suppose -5*m + j = -66, 3*m - 5*j = -4*j + 38. Calculate the greatest common divisor of m and i.
7
Let v be 472/26 + 3 + (-123)/39. Suppose -g - 6 = -v. Suppose n = 3*s - n - 5, -s = 3*n - 9. What is the greatest common divisor of s and g?
3
Let r be 4*5/80 + (-676)/16. Let k be ((-24)/r + (-795)/(-42))*8. Calculate the greatest common divisor of 4 and k.
4
Suppose 212*y + 72 = 432*y - 208*y. Let h = 20 + 32. Let j be (h - y)*3/6. What is the greatest common factor of j and 69?
23
Let z(d) be the third derivative of d**4/4 - 73*d**3/3 - d**2 - 83. Let u be z(25). What is the highest common divisor of 3 and u?
1
Let k(y) = 8*y**2 - 38*y - 6. Let h be k(5). Suppose 26*c - 21*c - 68 = -h*v, -3*c = -3*v + 24. What is the highest common factor of 1308 and v?
12
Suppose 0 = 23*c + 3182 + 222. Let t = 278 + c. Calculate the highest common factor of 100 and t.
10
Suppose -40 = -3*s - 2*v + 52, 5*v = -3*s + 104. Suppose 11*o + q = 15*o - 128, -2*o + q = -64. Calculate the highest common factor of s and o.
4
Suppose 2*q = -2*r + 384, 984 = 5*q - 2*r + r. Suppose -579*m - 29133 = 975*m - 246693. Calculate the highest common factor of q and m.
28
Suppose -23*s + 439 = -251. Suppose -4*w = -4, 0 = -3*v + w - 5*w + 121. Suppose 0 = -j + v + 171. Calculate the highest common factor of s and j.
30
Let v(r) = r**3 - 16*r**2 + 26*r + 32. Let t be v(14). Suppose 2*s - 4 = 0, -5*p - t*s = -2*s - 109. What is the greatest common divisor of p and 63?
21
Let u = 11497 + -11153. What is the greatest common divisor of 104 and u?
8
Suppose 3*j = 6*j + 15. Let t be (j/1 - -15)/((-4)/(-2)). Let n be (-16)/t*(-6)/12*20. Calculate the highest common divisor of n